e?
False
Is 21783497 a composite number?
False
Is 29494801 prime?
False
Is 17884151 a prime number?
True
Is 8345507 a prime number?
False
Is 32215117 a composite number?
True
Is 26683849 composite?
False
Is 1005821 prime?
True
Is 171572747 composite?
False
Is 3962713 composite?
False
Is 112525421 a composite number?
True
Is 6282781 prime?
False
Is 997991 a prime number?
True
Is 22098413 a composite number?
True
Is 13397719 composite?
False
Is 5472253 composite?
True
Is 195257263 a prime number?
True
Is 2137637 a prime number?
True
Is 160084879 a prime number?
False
Is 3277069 a composite number?
True
Is 9985777 composite?
True
Is 5607323 composite?
False
Is 38632511 a prime number?
False
Is 32378119 a prime number?
True
Is 1496143 composite?
True
Is 6073523 composite?
False
Is 12311627 composite?
False
Is 41492557 a composite number?
False
Is 3001577 a prime number?
True
Is 17702291 a prime number?
True
Is 132907 a composite number?
True
Is 2834522 composite?
True
Is 3905641 composite?
False
Is 1836727 a prime number?
True
Is 5217019 prime?
True
Is 2320243 prime?
True
Is 10387529 composite?
False
Is 5820602 a composite number?
True
Is 3669917 prime?
False
Is 90819499 a composite number?
False
Is 11248634 composite?
True
Is 4845173 prime?
True
Is 12534163 prime?
True
Is 20751551 a composite number?
False
Is 60173111 composite?
True
Is 16232537 a prime number?
True
Is 419141 a composite number?
False
Is 498692491 a composite number?
True
Is 29673713 a prime number?
False
Is 910003 a prime number?
True
Is 783279829 a composite number?
False
Is 6071893 composite?
False
Is 6703483 a composite number?
False
Is 297371579 a composite number?
False
Is 4796081 a prime number?
True
Is 216222473 prime?
False
Is 11789 a prime number?
True
Is 124485343 a composite number?
False
Is 7645949 a composite number?
True
Is 65649083 composite?
True
Is 2465503 a prime number?
False
Is 2416598 a prime number?
False
Is 47201669 a prime number?
True
Is 5594851 prime?
False
Is 83992489 prime?
False
Is 1845119 a prime number?
True
Is 17092529 a composite number?
True
Is 32682719 a prime number?
False
Is 53509151 composite?
True
Is 8440319 composite?
False
Is 1226952527 prime?
True
Is 40862573 composite?
True
Is 141307931 composite?
False
Is 6694391 composite?
True
Is 6002693 a composite number?
False
Is 6494549 a composite number?
False
Is 10165681 a prime number?
True
Is 25771267 composite?
False
Is 298001 a prime number?
False
Is 3619067 composite?
True
Is 30636857 a prime number?
True
Is 24202427 prime?
True
Is 14021159 a prime number?
False
Is 1750979 prime?
True
Is 119302409 prime?
True
Is 6313427 a prime number?
True
Is 39370349 a prime number?
False
Is 174506491 prime?
False
Is 6809987 composite?
True
Is 294591877 prime?
False
Is 70209605 composite?
True
Is 22622767 a prime number?
False
Is 2346473 composite?
False
Is 6367979 prime?
False
Is 23627723 a composite number?
True
Is 331927001 composite?
True
Is 3385987 prime?
False
Is 86011617 a prime number?
False
Is 32902799 a composite number?
False
Is 361337 a prime number?
True
Is 77429 a prime number?
False
Is 185671 prime?
False
Is 16871743 a composite number?
True
Is 4176131 a prime number?
False
Is 6509341 a prime number?
True
Is 246159773 a composite number?
False
Is 112240473 a composite number?
True
Is 10376962 prime?
False
Is 37669735 a prime number?
False
Is 77504177 a prime number?
True
Is 29951511 composite?
True
Is 487267427 a composite number?
True
Is 52988839 composite?
False
Is 3606059 a composite number?
False
Is 1033075799 a prime number?
False
Is 43234831 prime?
True
Is 245497823 a composite number?
False
Is 20070371 composite?
False
Is 28267243 composite?
True
Is 3988003 a prime number?
True
Is 24766369 prime?
True
Is 44485271 prime?
True
Is 5399071 a composite number?
False
Is 10242101 a prime number?
True
Is 9364211 a prime number?
True
Is 42131 prime?
True
Is 2141497 prime?
True
Is 804769 a composite number?
True
Is 232418549 prime?
False
Is 7441513 a composite number?
False
Is 13309213 a composite number?
False
Is 3083243 composite?
True
Is 85640983 prime?
False
Is 46492837 a composite number?
False
Is 35374661 a prime number?
False
Is 159731101 a prime number?
False
Is 11850829 prime?
True
Is 12516443 composite?
True
Is 24391 a composite number?
False
Is 241645891 a composite number?
False
Is 9533857 a prime number?
False
Is 6568819 a prime number?
False
Is 138041 a composite number?
False
Is 8825962 a prime number?
False
Is 5549101 a prime number?
True
Is 42112129 a prime number?
True
Is 132072631 prime?
False
Is 537396349 composite?
True
Is 1928471 prime?
False
Is 27416593 a prime number?
False
Is 36216251 a composite number?
True
Is 43778905 prime?
False
Is 53499041 a composite number?
True
Is 424657 prime?
False
Is 2981883 prime?
False
Is 95692097 prime?
True
Is 6451682 composite?
True
Is 311984599 composite?
True
Is 754399 a prime number?
True
Is 4156507 a composite number?
False
Is 3255239 prime?
False
Is 568697665 a composite number?
True
Is 222896413 prime?
True
Is 13407377 composite?
False
Is 1454183 composite?
True
Is 2736115 prime?
False
Is 10487801 a prime number?
True
Is 221821 composite?
True
Is 355763 prime?
True
Is 52519711 prime?
True
Is 31090741 a prime number?
False
Is 246534513 a prime number?
False
Is 22439386 a composite number?
True
Is 10168663 a prime number?
True
Is 1075069 prime?
True
Is 299209 a composite number?
True
Is 1030277 a composite number?
True
Is 233591 composite?
False
Is 33673138 a prime number?
False
Is 207339029 a prime number?
True
Is 831400618 prime?
False
Is 49302382 prime?
False
Is 167673943 a composite number?
False
Is 124430923 a composite number?
False
Is 105246851 composite?
True
Is 1324819 composite?
False
Is 802469467 composite?
False
Is 296159 a composite number?
False
Is 104874233 composite?
False
Is 12386959 composite?
True
Is 6547627 prime?
True
Is 53302957 a prime number?
False
Is 43328827 a prime number?
True
Is 2554021 prime?
True
Is 27265379 composite?
False
Is 7010881 a prime number?
False
Is 5572663 a prime number?
True
Is 5135953 a prime number?
True
Is 2685989 composite?
False
Is 2234303 a prime number?
True
Is 3557623 a prime number?
False
Is 25987931 composite?
False
Is 6343723 composite?
False
Is 118451 a composite number?
True
Is 4515479 a prime number?
True
Is 26772421 composite?
True
Is 582677 a prime number?
True
Is 14921717 a prime number?
True
Is 15795869 composite?
True
Is 12524494 composite?
True
Is 2084239 a prime number?
False
Is 8195917 a composite number?
False
Is 1475891 a composite number?
True
Is 524110147 a composite number?
True
Is 2291827 composite?
False
Is 33702167 a prime number?
True
Is 60982699 a prime number?
True
Is 1676861 a composite number?
True
Is 430269583 a prime number?
True
Is 47232899 a composite number?
True
Is 1833298 a prime number?
False
Is 614219 prime?
True
Is 671777 prime?
True
Is 1539203 a composite number?
True
Is 1464641 composite?
False
Is 189180839 a prime number?
True
Is 499217 composite?
True
Is 2474777 composite?
True
Is 2795509 composite?
True
Is 25582423 a prime number?
False
Is 74505371 a prime number?
False
Is 8620273 a prime number?
False
Is 29989439 composite?
True
Is 980249 composite?
False
Is 8167661 composite?
True
Is 7260593 prime?
False
Is 424230107 composite?
True
Is 6040027 prime?
False
Is 7650571 composite?
True
Is 411499 a composite number?
True
Is 1998181 composite?
False
Is 5122279 composite?
True
Is 885619 composite?
True
Is 11240627 prime?
True
Is 22947083 prime?
True
Is 224227951 a prime number?
True
Is 625507 a composite number?
False
Is 6326167 prime?
True
Is 13991807 prime?
True
Is 156785119 prime?
False
Is 92634521 prime?
False
Is 113743535 composite?
True
Is 7288331 prime?
True
Is 62333489 composite?
True
Is 107902907 prime?
False
Is 127025861 a composite number?
False
Is 52131841 composite?
False
Is 63133178 a prime number?
False
Is 66635 composite?
True
Is 20685086 a composite number?
True
Is 8536319 prime?
False
Is 56433437 composite?
False
Is 1920331537 a composite number?
True
Is 20474537 a prime number?
False
Is 49702933 a composite number?
True
Is 1678399 a prime number?
True
Is 6703111 prime?
True
Is 622987 a composite number?
False
Is 7047